e -5*j + 6 = r, -3*r + 6*r + 4*j - 51 = 0. Suppose -r*i + 43*i = 2618. What is the remainder when i is divided by 6?
5
Let u(x) = x**3 - 16*x**2 + 18*x - 18. Let n be u(15). Let a = -240 + n. Let b = a - -314. What is the remainder when b is divided by 35?
31
Let t(y) = -166*y + 1049. Calculate the remainder when 2380 is divided by t(6).
48
Suppose 3*d = 2*v - 39, -2*v - 2*v - 4*d = -68. Suppose -3*h = z + 526, -h - 177 = -z - 695. Let w = -270 - z. Calculate the remainder when w is divided by v.
16
Let h(k) = -k**3 + 19*k**2 - 33*k - 11. Let u be h(17). Let l(i) = 2*i**3 - 10*i**2 + 17*i - 47. Calculate the remainder when l(u) is divided by 34.
25
Let v(q) = 196*q**3 + 17334*q**2 - 17334*q**2 + q - 2. What is the remainder when v(1) is divided by 22?
19
Let z(i) = -i**2 - 254*i - 6290. Calculate the remainder when 11702 is divided by z(-28).
36
Suppose 2*w + 5*o = -13, -w - 5*o + 3*o = 5. Let d = 176 + w. Calculate the remainder when d is divided by 46.
39
Let y(w) = 6*w + 11. Let i(a) = a. Let z(g) = -6*i(g) + 2*y(g). Let t be z(-6). Calculate the remainder when 98 is divided by 1/(-1)*-37 + 10 + t.
32
Suppose -4*m - 3*f = -10775, -343*f + 347*f = -28. Calculate the remainder when m is divided by 150.
149
Suppose 0 = 4*a - 3*x + 847, 0 = -2*a - a - 2*x - 614. Let o = 349 + a. Suppose 59 + 21 = 5*w. What is the remainder when o is divided by w?
13
Let i(n) = -n**3 - 2*n**2 + 3*n + 5. Let l be i(-5). Suppose -16 = l*j - 69*j. Calculate the remainder when 10 is divided by j.
2
Suppose -5*h - 4*d + 8 = -3*h, 2*d = 5*h - 8. Calculate the remainder when ((-54)/3)/(((-27)/(-60))/(-3)) is divided by -1*(-164)/8*h.
38
Let h = -881 - -1293. Let v = h + -385. Let l(z) = -2*z + 5. What is the remainder when v is divided by l(-5)?
12
Calculate the remainder when (-122 - -136)/(3 - (-978)/(-327)) is divided by 337.
178
Suppose 66*w - 412*w + 27472 + 5398 = 0. What is the remainder when w is divided by 33?
29
Suppose 0*l - 3*l = -21. Suppose 2*f - 1 = l. Suppose -3*p - f*m + 33 = -7*m, 2*m = 2. What is the remainder when 19 is divided by p?
7
Calculate the remainder when 375 is divided by (-1)/((2/((-302)/3))/3).
73
Suppose 1513 = f + 5*m - 410, 0 = 2*f - 2*m - 3822. What is the remainder when f is divided by 33?
32
Suppose -10395 = 906*g - 1221*g. Suppose 0 = 4*k + 2*v + 67 - 573, v = -3*k + 378. What is the remainder when k is divided by g?
26
Suppose -2*l = 2*i - 3*i - 43, -5*i - 47 = -2*l. Let n(q) = 25*q - 231. Let r be (9/(-18))/(94/48 - 2). What is the remainder when n(r) is divided by l?
6
Suppose 3*t - 5*h = 2*t + 30, -5*h = 4*t - 70. Calculate the remainder when 1696 is divided by t.
16
Let p(n) = -7*n + 76. Let z be p(11). Calculate the remainder when -4*z/(3/(-93)*-1) is divided by 42.
40
Suppose 2*q + 30*q = 128. Suppose -5*s + q*l + 312 + 133 = 0, l = -5. Suppose 3*r = 3*n - 22 - 17, 3*n - 41 = 2*r. What is the remainder when s is divided by n?
10
Let o = -572 + 306. What is the remainder when 216 is divided by ((-30)/35)/(3/o)?
64
Suppose -l = -6*l + 35. Suppose -8*t + 51 = -l*t. What is the remainder when t is divided by 19?
13
Suppose -24 = -7*y + 13*y. Let j be 189/28 + (-1)/y. Suppose -j*z = -8*z + 8. Calculate the remainder when 13 is divided by z.
5
Suppose 2*v + x + 1037 = 4*v, 4*x - 2599 = -5*v. Let p = v - 511. Calculate the remainder when 8 is divided by p.
0
Let f = -42 + 491. Let a = -408 + f. What is the remainder when a is divided by 17?
7
Let x be 23 - (8 + (4 - 7)). Suppose 19 = x*q - 143. What is the remainder when 68 is divided by q?
5
Let i = 4887 - 4832. What is the remainder when 1318 is divided by i?
53
Let f = 1 + -4. Calculate the remainder when 2 - -34 - (-9)/f is divided by 12/10*(11 - -4).
15
Suppose -1196*r + 1186*r = -1260. What is the remainder when r is divided by 13?
9
Suppose -10*j + 405 = -415. Let x = -446 + 472. What is the remainder when j is divided by x?
4
Suppose -16*t - 32*t + 28430 + 850 = 0. What is the remainder when t is divided by 597?
13
Suppose 0 = 2*c - 30. Suppose -c*j = -19*j + 248. Calculate the remainder when j is divided by 23.
16
Suppose 3*o - 909 = 4*b, -293*o = -291*o + 5*b - 652. Calculate the remainder when o is divided by 35.
31
Suppose -2*p - g + 6 = -6*g, p - 4*g - 3 = 0. What is the remainder when 69 is divided by (10*1/p)/(2/15)?
19
Suppose -2*j + 7*j + 90 = 2*i, 0 = 5*i - 2*j - 225. Suppose 76*h - 540 = 91*h. What is the remainder when i is divided by (-17)/(102/h) - -2?
5
Let b = 82 + 58. Let i = -594 + 610. What is the remainder when b is divided by i?
12
Suppose -386 = -3*n + n. Suppose -199 = -b - n. Let s = 6 - 3. What is the remainder when b is divided by s?
0
Suppose 4*k + 42 - 18 = 0. Let g be (k - -7)*(-23 + 2). What is the remainder when (-25)/(-9) + 1 + g/27 is divided by 3?
0
Suppose -31 = -3*h - 1. Calculate the remainder when -22*(-10)/15*(-15)/(-10) is divided by h.
2
Suppose -198*t + 188*t = -2010. Suppose -12*s + 35*s = 1058. Calculate the remainder when t is divided by s.
17
Let u(x) = -3*x + 98. Let t be u(14). Suppose 351 = -t*w + 65*w. What is the remainder when w is divided by 24?
15
Let b(t) be the third derivative of t**4/6 - 2*t**3/3 + 3*t**2. Let g = -57 + 62. Calculate the remainder when 93 is divided by b(g).
13
Let y(r) = r**3 - r**2 + 8*r - 27. Let m be y(3). Calculate the remainder when ((-98)/8)/(m/(-120)) is divided by 20.
18
Suppose x + 2 = 0, -4*a - 82 = -6*a + x. Suppose 2*r - 40 = -i, -16*r + 18*r = i - a. Calculate the remainder when 95 is divided by i.
15
Let p = 1848 + -1216. Calculate the remainder when p is divided by 87.
23
Let z = 7 - 4. Suppose -2*o - 33 = -5*f, -3*f + 7*f - 32 = z*o. Suppose -m = -10 + f. What is the remainder when 7 is divided by m?
2
Suppose 4*h + 2594 = 12*h - 6*h. What is the remainder when h is divided by 21?
16
Let q be (-6)/27 - 2456/(-36). Suppose -10*y = -8*y - 10. Suppose -5*o + 93 = 4*z, y*z = -2*o + q + 27. What is the remainder when 49 is divided by z?
15
Let l be -2 - (-1 - -1443)/((-13)/26). Suppose -6*n = -l + 80. Calculate the remainder when n is divided by 26.
25
Suppose 0*c - 173 = -5*c + 9*v, 0 = -4*c - 3*v + 118. Calculate the remainder when 4120 is divided by c.
28
Suppose 5*r + s + 230 = 0, -4*r - 101 = -5*s + 112. Suppose 0*g = 5*g - 20. Calculate the remainder when ((-1692)/r)/(1 - -1*1) is divided by g.
2
What is the remainder when 1 - (3295/(-20) - -5) - 3/(-12) is divided by 26?
5
Let v be 28/10 - 4/(-20). Let x be -2*v/18 - (-67)/3. Calculate the remainder when 6 is divided by (4/(-5))/(x/(-10) - -2).
2
Suppose -33 = h - 4*h. Let j(t) = 132*t + 428. Calculate the remainder when j(-2) is divided by h.
10
Let q(x) = -4*x - 74. Let s be q(-9). Let b = 75 + s. Calculate the remainder when b is divided by 15.
7
Let k(a) = a**3 - 20*a**2 - 144*a + 2490. Calculate the remainder when 311 is divided by k(22).
21
Let g be (54/5)/((-54)/180). Let x = g + 141. Suppose -n + x = -71. What is the remainder when n is divided by 45?
41
Let u(b) = -b**3 - 5*b**2 - 3*b + 4. Let m be u(-4). Suppose -203*p + 852 = 3*p - 1620. Calculate the remainder when 1*(-32)/(-2 + m) is divided by p.
4
Suppose 3*k = 5*a - 107 + 29, -5*a + k + 86 = 0. Calculate the remainder when 101 is divided by a.
11
Suppose 0 = -k + 4*g + 117, -k - 30 = 4*g - 155. What is the remainder when k is divided by 22?
11
Let a(l) = -8*l - 60. Calculate the remainder when (42 - (2 + 2))/(2/3) is divided by a(-9).
9
Let b(f) = -f**3 + 11*f**2 - 9*f + 1. Let j be b(10). Suppose 0 = -j*v - 333 - 525. Calculate the remainder when 61 is divided by 3/((-2)/28*v/13).
5
Suppose 13447*n - 656 = 13406*n. Suppose -s - s - 84 = -2*y, 5*s = -5. Calculate the remainder when y is divided by n.
9
Suppose 8*t - 10 = 14. Let v = -25 - -35. Calculate the remainder when 3/(-1) + 51/t + 5 is divided by v.
9
Calculate the remainder when -55*3786/30*2/(-2) is divided by 56.
53
Let y(l) = -19*l + 130. Let u be y(4). Suppose -4*m = -118 + u. Suppose -t - 2 = 0, 4*t + 7 + 31 = g. Calculate the remainder when g is divided by m.
14
Let i(h) = -59*h + 115. Let x(c) = 7*c - 14. Let a(q) = 6*i(q) + 51*x(q). Calculate the remainder when 39 is divided by a(12).
3
Suppose -2*l = -4*x, 11 = -2*l - 4*x + 19. Suppose -d - k - 6 = -2*d, 4*d - 18 = l*k. What is the remainder w